{"id":371,"date":"2024-05-28T13:41:08","date_gmt":"2024-05-28T13:41:08","guid":{"rendered":"https:\/\/godefroy-bourneuf.fr\/WP\/?page_id=371"},"modified":"2025-03-25T10:44:20","modified_gmt":"2025-03-25T09:44:20","slug":"actualites-%f0%9f%93%b0","status":"publish","type":"page","link":"https:\/\/godefroy-bourneuf.fr\/?page_id=371","title":{"rendered":"ACTUALIT\u00c9S &#x1f4f0;"},"content":{"rendered":"\n<p class=\"has-amatic-sc-font-family has-extra-large-font-size\">NOUVEAUT\u00c9 2023 &#8211; LA CANTALISS &#x1f353;<\/p>\n\n\n\n<p><\/p>\n\n\n\n<figure class=\"wp-block-image size-large is-resized\"><img loading=\"lazy\" decoding=\"async\" width=\"725\" height=\"1024\" src=\"https:\/\/godefroy-bourneuf.fr\/WP\/wp-content\/uploads\/2024\/05\/cantaliss_page-0001-725x1024.jpg\" alt=\"\" class=\"wp-image-214\" style=\"width:376px;height:auto\" srcset=\"https:\/\/godefroy-bourneuf.fr\/wp-content\/uploads\/2024\/05\/cantaliss_page-0001-725x1024.jpg 725w, https:\/\/godefroy-bourneuf.fr\/wp-content\/uploads\/2024\/05\/cantaliss_page-0001-212x300.jpg 212w, https:\/\/godefroy-bourneuf.fr\/wp-content\/uploads\/2024\/05\/cantaliss_page-0001-768x1085.jpg 768w, https:\/\/godefroy-bourneuf.fr\/wp-content\/uploads\/2024\/05\/cantaliss_page-0001-1087x1536.jpg 1087w, https:\/\/godefroy-bourneuf.fr\/wp-content\/uploads\/2024\/05\/cantaliss_page-0001.jpg 1241w\" sizes=\"auto, (max-width: 725px) 100vw, 725px\" \/><\/figure>\n\n\n\n<hr class=\"wp-block-separator has-alpha-channel-opacity\"\/>\n\n\n\n<p class=\"has-amatic-sc-font-family has-extra-large-font-size\">EN CUISINE &#x1f353;<\/p>\n\n\n\n<div class=\"wp-block-columns is-layout-flex wp-container-core-columns-is-layout-1 wp-block-columns-is-layout-flex\">\n<div class=\"wp-block-column is-layout-flow wp-block-column-is-layout-flow\">\n<figure class=\"wp-block-image size-large is-resized\"><img loading=\"lazy\" decoding=\"async\" width=\"724\" height=\"1024\" src=\"https:\/\/godefroy-bourneuf.fr\/wp-content\/uploads\/2024\/08\/1-1-724x1024.png\" alt=\"\" class=\"wp-image-484\" style=\"width:387px;height:auto\" srcset=\"https:\/\/godefroy-bourneuf.fr\/wp-content\/uploads\/2024\/08\/1-1-724x1024.png 724w, https:\/\/godefroy-bourneuf.fr\/wp-content\/uploads\/2024\/08\/1-1-212x300.png 212w, https:\/\/godefroy-bourneuf.fr\/wp-content\/uploads\/2024\/08\/1-1-768x1086.png 768w, https:\/\/godefroy-bourneuf.fr\/wp-content\/uploads\/2024\/08\/1-1-1086x1536.png 1086w, https:\/\/godefroy-bourneuf.fr\/wp-content\/uploads\/2024\/08\/1-1.png 1414w\" sizes=\"auto, (max-width: 724px) 100vw, 724px\" \/><\/figure>\n<\/div>\n\n\n\n<div class=\"wp-block-column is-layout-flow wp-block-column-is-layout-flow\">\n<figure class=\"wp-block-image size-large is-resized\"><img loading=\"lazy\" decoding=\"async\" width=\"724\" height=\"1024\" src=\"https:\/\/godefroy-bourneuf.fr\/wp-content\/uploads\/2024\/08\/2-724x1024.png\" alt=\"\" class=\"wp-image-485\" style=\"width:390px;height:auto\" srcset=\"https:\/\/godefroy-bourneuf.fr\/wp-content\/uploads\/2024\/08\/2-724x1024.png 724w, https:\/\/godefroy-bourneuf.fr\/wp-content\/uploads\/2024\/08\/2-212x300.png 212w, https:\/\/godefroy-bourneuf.fr\/wp-content\/uploads\/2024\/08\/2-768x1086.png 768w, https:\/\/godefroy-bourneuf.fr\/wp-content\/uploads\/2024\/08\/2-1086x1536.png 1086w, https:\/\/godefroy-bourneuf.fr\/wp-content\/uploads\/2024\/08\/2.png 1414w\" sizes=\"auto, (max-width: 724px) 100vw, 724px\" \/><\/figure>\n<\/div>\n<\/div>\n\n\n\n<hr class=\"wp-block-separator has-alpha-channel-opacity\"\/>\n\n\n\n<p class=\"has-amatic-sc-font-family has-extra-large-font-size\">2024 &#8211; SPONSOR RAID 4L TROPHY &#x1f697;<\/p>\n\n\n\n<p><\/p>\n\n\n\n<p class=\"has-manrope-font-family\"><img loading=\"lazy\" decoding=\"async\" height=\"16\" width=\"16\" src=\"https:\/\/static.xx.fbcdn.net\/images\/emoji.php\/v9\/t33\/1\/16\/2705.png\" alt=\"&#x2705;\"> Nous sommes heureux de vous annoncer que nous avons fait parti des sponsors de L&rsquo;Esa Ventures<img loading=\"lazy\" decoding=\"async\" height=\"16\" width=\"16\" src=\"https:\/\/static.xx.fbcdn.net\/images\/emoji.php\/v9\/t50\/1\/16\/2757.png\" alt=\"&#x2757;&#xfe0f;\"><\/p>\n\n\n\n<p class=\"has-manrope-font-family\">Nous soutenions le projet de J\u00e9r\u00e9my et Gabriel (Crosmi\u00e9rois) qui participaient au <a href=\"https:\/\/www.facebook.com\/4l.trophy.officiel?__cft__[0]=AZUcj0vlV0DHDyutAWXsR4jE1gHk6UewLqLWO54SVtjoKIYaN7NYM8WMhXL2ijJNVhVvphECeomz6AUGgY1peW_muzw6HTJfY7v8PCG21Ze_M8hZiDuiKWMiHVf4rbALO3CRlD8X2C2strgvejLzdMmRGOXMMY1Ow85kYl44O9HVWnQY3-XxTyUST7wZCjdlQ5w0KDAA9KlWK7CWEVq4zHaJ&amp;__tn__=-]K-R\">Raid 4L Trophy<\/a>. <img loading=\"lazy\" decoding=\"async\" height=\"16\" width=\"16\" src=\"https:\/\/static.xx.fbcdn.net\/images\/emoji.php\/v9\/t6d\/1\/16\/1f698.png\" alt=\"&#x1f698;\"> Leur 4L a sillonn\u00e9 les routes de Biarritz \u00e0 Marrakech afin de s&rsquo;aventurer jusqu&rsquo;aux dunes du Sahara. <img loading=\"lazy\" decoding=\"async\" height=\"16\" width=\"16\" src=\"https:\/\/static.xx.fbcdn.net\/images\/emoji.php\/v9\/tc8\/1\/16\/1f5fa.png\" alt=\"&#x1f5fa;\"><\/p>\n\n\n\n<p class=\"has-manrope-font-family\">Notre petite fraise a donc voyag\u00e9 sur les routes de France, d&rsquo;Espagne et du Maroc. &#x1f353;<\/p>\n\n\n\n<p class=\"has-manrope-font-family\">Le <a href=\"https:\/\/www.facebook.com\/4l.trophy.officiel?__cft__[0]=AZUcj0vlV0DHDyutAWXsR4jE1gHk6UewLqLWO54SVtjoKIYaN7NYM8WMhXL2ijJNVhVvphECeomz6AUGgY1peW_muzw6HTJfY7v8PCG21Ze_M8hZiDuiKWMiHVf4rbALO3CRlD8X2C2strgvejLzdMmRGOXMMY1Ow85kYl44O9HVWnQY3-XxTyUST7wZCjdlQ5w0KDAA9KlWK7CWEVq4zHaJ&amp;__tn__=-]K-R\">Raid 4L Trophy<\/a>, c&rsquo;est quoi <img loading=\"lazy\" decoding=\"async\" height=\"16\" width=\"16\" alt=\"&#x2753;\" src=\"https:\/\/static.xx.fbcdn.net\/images\/emoji.php\/v9\/t4c\/1\/16\/2753.png\"><\/p>\n\n\n\n<p class=\"has-manrope-font-family\">&#8211; Un <a><\/a>rallye d&rsquo;orientation<\/p>\n\n\n\n<p class=\"has-manrope-font-family\">&#8211; Le plus grand rendez-vous des jeunes et des \u00e9tudiants<\/p>\n\n\n\n<p class=\"has-manrope-font-family\"><img loading=\"lazy\" decoding=\"async\" height=\"16\" width=\"16\" src=\"https:\/\/static.xx.fbcdn.net\/images\/emoji.php\/v9\/t40\/1\/16\/25b6.png\" alt=\"&#x25b6;&#xfe0f;\"> Mais aussi et surtout une aventure humanitaire : les \u00e9quipages soutiennent l&rsquo;<a href=\"https:\/\/www.facebook.com\/EnfantsduDesert?__cft__[0]=AZUcj0vlV0DHDyutAWXsR4jE1gHk6UewLqLWO54SVtjoKIYaN7NYM8WMhXL2ijJNVhVvphECeomz6AUGgY1peW_muzw6HTJfY7v8PCG21Ze_M8hZiDuiKWMiHVf4rbALO3CRlD8X2C2strgvejLzdMmRGOXMMY1Ow85kYl44O9HVWnQY3-XxTyUST7wZCjdlQ5w0KDAA9KlWK7CWEVq4zHaJ&amp;__tn__=-]K-R\" target=\"_blank\" rel=\"noreferrer noopener\">Association Enfants du D\u00e9sert<\/a> en acheminant des dons mat\u00e9riels (fourniture scolaire et mat\u00e9riel sportif) et en participant financi\u00e8rement au projet de construction d&rsquo;\u00e9coles.<\/p>\n\n\n\n<div class=\"wp-block-columns is-layout-flex wp-container-core-columns-is-layout-2 wp-block-columns-is-layout-flex\">\n<div class=\"wp-block-column is-layout-flow wp-block-column-is-layout-flow\">\n<figure class=\"wp-block-image size-large\"><img loading=\"lazy\" decoding=\"async\" width=\"1024\" height=\"683\" src=\"https:\/\/godefroy-bourneuf.fr\/WP\/wp-content\/uploads\/2024\/05\/417522926_426913003195936_1430301494986597857_n-1024x683.jpg\" alt=\"\" class=\"wp-image-389\" srcset=\"https:\/\/godefroy-bourneuf.fr\/wp-content\/uploads\/2024\/05\/417522926_426913003195936_1430301494986597857_n-1024x683.jpg 1024w, https:\/\/godefroy-bourneuf.fr\/wp-content\/uploads\/2024\/05\/417522926_426913003195936_1430301494986597857_n-300x200.jpg 300w, https:\/\/godefroy-bourneuf.fr\/wp-content\/uploads\/2024\/05\/417522926_426913003195936_1430301494986597857_n-768x512.jpg 768w, https:\/\/godefroy-bourneuf.fr\/wp-content\/uploads\/2024\/05\/417522926_426913003195936_1430301494986597857_n-1536x1024.jpg 1536w, https:\/\/godefroy-bourneuf.fr\/wp-content\/uploads\/2024\/05\/417522926_426913003195936_1430301494986597857_n.jpg 2048w\" sizes=\"auto, (max-width: 1024px) 100vw, 1024px\" \/><\/figure>\n<\/div>\n\n\n\n<div class=\"wp-block-column is-layout-flow wp-block-column-is-layout-flow\">\n<figure class=\"wp-block-image size-large\"><img loading=\"lazy\" decoding=\"async\" width=\"1024\" height=\"683\" src=\"https:\/\/godefroy-bourneuf.fr\/WP\/wp-content\/uploads\/2024\/05\/420185643_426913159862587_8957590839988494576_n-1024x683.jpg\" alt=\"\" class=\"wp-image-388\" srcset=\"https:\/\/godefroy-bourneuf.fr\/wp-content\/uploads\/2024\/05\/420185643_426913159862587_8957590839988494576_n-1024x683.jpg 1024w, https:\/\/godefroy-bourneuf.fr\/wp-content\/uploads\/2024\/05\/420185643_426913159862587_8957590839988494576_n-300x200.jpg 300w, https:\/\/godefroy-bourneuf.fr\/wp-content\/uploads\/2024\/05\/420185643_426913159862587_8957590839988494576_n-768x512.jpg 768w, https:\/\/godefroy-bourneuf.fr\/wp-content\/uploads\/2024\/05\/420185643_426913159862587_8957590839988494576_n-1536x1024.jpg 1536w, https:\/\/godefroy-bourneuf.fr\/wp-content\/uploads\/2024\/05\/420185643_426913159862587_8957590839988494576_n.jpg 2048w\" sizes=\"auto, (max-width: 1024px) 100vw, 1024px\" \/><\/figure>\n<\/div>\n<\/div>\n\n\n\n<hr class=\"wp-block-separator has-alpha-channel-opacity\"\/>\n\n\n\n<p class=\"has-amatic-sc-font-family has-extra-large-font-size\">PURPLE TOUR <img loading=\"lazy\" decoding=\"async\" height=\"16\" width=\"16\" src=\"https:\/\/static.xx.fbcdn.net\/images\/emoji.php\/v9\/tde\/1\/16\/1f6b2.png\" alt=\"&#x1f6b2;\"><\/p>\n\n\n\n<p class=\"has-manrope-font-family\">Aujourd\u2019hui, nous avons d\u00e9cid\u00e9 de vous partager la belle aventure de <strong>Lo\u00efs Bodin<\/strong>, originaire de Crosmi\u00e8res \u00e9galement.<\/p>\n\n\n\n<p class=\"has-manrope-font-family\"><img loading=\"lazy\" decoding=\"async\" height=\"16\" width=\"16\" src=\"https:\/\/static.xx.fbcdn.net\/images\/emoji.php\/v9\/t40\/1\/16\/25b6.png\" alt=\"&#x25b6;&#xfe0f;\"> <strong>Qui est Lo\u00efs ?<\/strong><\/p>\n\n\n\n<p class=\"has-manrope-font-family\">Lo\u00efs <a><\/a>\u00e0 26 ans et est ing\u00e9nieur, dipl\u00f4m\u00e9 de l\u2019\u00e9cole des Arts et M\u00e9tiers. <img loading=\"lazy\" decoding=\"async\" height=\"16\" width=\"16\" alt=\"&#x1f4dc;\" src=\"https:\/\/static.xx.fbcdn.net\/images\/emoji.php\/v9\/t4b\/1\/16\/1f4dc.png\"> Il est passionn\u00e9 de sport. Depuis 4 ans, l\u2019\u00e9pilepsie a boulevers\u00e9 sa vie. Afin d\u2019\u00e9viter les crises, il est contraint \u00e0 une rigueur de vie stricte et \u00e0 une prise de m\u00e9dicaments quotidienne. <img loading=\"lazy\" decoding=\"async\" height=\"16\" width=\"16\" alt=\"&#x1f48a;\" src=\"https:\/\/static.xx.fbcdn.net\/images\/emoji.php\/v9\/tf5\/1\/16\/1f48a.png\"><\/p>\n\n\n\n<p class=\"has-manrope-font-family\"><img loading=\"lazy\" decoding=\"async\" height=\"16\" width=\"16\" src=\"https:\/\/static.xx.fbcdn.net\/images\/emoji.php\/v9\/t40\/1\/16\/25b6.png\" alt=\"&#x25b6;&#xfe0f;\"> <strong>L\u2019\u00e9pilepsie, c\u2019est quoi ?<\/strong> <img loading=\"lazy\" decoding=\"async\" height=\"16\" width=\"16\" src=\"https:\/\/static.xx.fbcdn.net\/images\/emoji.php\/v9\/tc8\/1\/16\/1f440.png\" alt=\"&#x1f440;\"><\/p>\n\n\n\n<p class=\"has-manrope-font-family\">Une maladie chronique caract\u00e9ris\u00e9e par la survenue de crises, qui traduisent un d\u00e9r\u00e8glement soudain et transitoire de l\u2019activit\u00e9 \u00e9lectrique du cerveau ; mais elle pr\u00e9sente aussi des cons\u00e9quences associ\u00e9es variables. En effet, environ 50 syndromes \u00e9pileptiques sont recens\u00e9s.<\/p>\n\n\n\n<p class=\"has-manrope-font-family\"><img loading=\"lazy\" decoding=\"async\" height=\"16\" width=\"16\" src=\"https:\/\/static.xx.fbcdn.net\/images\/emoji.php\/v9\/t1\/1\/16\/1f4c8.png\" alt=\"&#x1f4c8;\"> On estime que <strong>600 000<\/strong> personnes souffrent d\u2019\u00e9pilepsie en France, dont la moiti\u00e9 d\u2019entre elles, seraient \u00e2g\u00e9es de moins de 20 ans.<\/p>\n\n\n\n<p class=\"has-manrope-font-family\"><img loading=\"lazy\" decoding=\"async\" height=\"16\" width=\"16\" src=\"https:\/\/static.xx.fbcdn.net\/images\/emoji.php\/v9\/t40\/1\/16\/25b6.png\" alt=\"&#x25b6;&#xfe0f;\"><strong> Quel \u00e9tait son projet ? Le <\/strong><a href=\"https:\/\/www.facebook.com\/purpletour2k23?__cft__[0]=AZWf_4gK8xg1h0A1giyaiEIRK_qv6J1tyZoyKVj3TipsSXe5qHV0ZK58m5zl_fl7W7vGOkPjy7LFx60gGcCGuimUfJV9rnZibL2RksjIk6NQlJbdnwQDyhcJvUrb2yHJCA2HRSq4rwAvVH1yt2sQoIig6tzNO6ApLUISofuE6aU0m3RAdKh_ghaDGYQenTfXR7xenEx64R9E-Ntcp65ZFNWt&amp;__tn__=-]K-R\" target=\"_blank\" rel=\"noreferrer noopener\">Purple tour<\/a><strong> ! <img loading=\"lazy\" decoding=\"async\" height=\"16\" width=\"16\" src=\"https:\/\/static.xx.fbcdn.net\/images\/emoji.php\/v9\/tde\/1\/16\/1f6b2.png\" alt=\"&#x1f6b2;\"><\/strong><\/p>\n\n\n\n<p class=\"has-manrope-font-family\">\u00ab Une id\u00e9e folle de traverser l\u2019Europe \u00e0 v\u00e9lo est n\u00e9e sur un coin de table au cours d\u2019une discussion avec un ami \u00bb. <img loading=\"lazy\" decoding=\"async\" height=\"16\" width=\"16\" alt=\"&#x1f5fa;\" src=\"https:\/\/static.xx.fbcdn.net\/images\/emoji.php\/v9\/tc8\/1\/16\/1f5fa.png\"><\/p>\n\n\n\n<p class=\"has-manrope-font-family\">Puis, l\u2019id\u00e9e lui est venue de profiter de ce p\u00e9riple pour faire conna\u00eetre l\u2019\u00e9pilepsie et sensibiliser le public afin de soutenir les personnes touch\u00e9es par la maladie. <img loading=\"lazy\" decoding=\"async\" height=\"16\" width=\"16\" alt=\"&#x1f4aa;&#x1f3fc;\" src=\"https:\/\/static.xx.fbcdn.net\/images\/emoji.php\/v9\/t68\/1\/16\/1f4aa_1f3fc.png\"><\/p>\n\n\n\n<p class=\"has-manrope-font-family\">En parall\u00e8le, une cagnotte a \u00e9t\u00e9 mise en place afin de collecter de l\u2019argent au profit d\u2019<a href=\"https:\/\/www.facebook.com\/profile.php?id=100063556731938&amp;__cft__[0]=AZWf_4gK8xg1h0A1giyaiEIRK_qv6J1tyZoyKVj3TipsSXe5qHV0ZK58m5zl_fl7W7vGOkPjy7LFx60gGcCGuimUfJV9rnZibL2RksjIk6NQlJbdnwQDyhcJvUrb2yHJCA2HRSq4rwAvVH1yt2sQoIig6tzNO6ApLUISofuE6aU0m3RAdKh_ghaDGYQenTfXR7xenEx64R9E-Ntcp65ZFNWt&amp;__tn__=-]K-R\" target=\"_blank\" rel=\"noreferrer noopener\">Epilepsie-France<\/a> ; elle a permis de rassembler <strong>6 652\u20ac<\/strong>.<\/p>\n\n\n\n<p class=\"has-manrope-font-family\"><img loading=\"lazy\" decoding=\"async\" height=\"16\" width=\"16\" src=\"https:\/\/static.xx.fbcdn.net\/images\/emoji.php\/v9\/t7e\/1\/16\/1f4c5.png\" alt=\"&#x1f4c5;\"> Le <strong>11 avril 2023<\/strong>, Lo\u00efs a enfourch\u00e9 son v\u00e9lo pour le grand d\u00e9part.<\/p>\n\n\n\n<p class=\"has-manrope-font-family\"><img loading=\"lazy\" decoding=\"async\" height=\"16\" width=\"16\" src=\"https:\/\/static.xx.fbcdn.net\/images\/emoji.php\/v9\/t7e\/1\/16\/1f4c5.png\" alt=\"&#x1f4c5;\"> Le <strong>18 juin 2024<\/strong>, son p\u00e9riple s\u2019est achev\u00e9 apr\u00e8s<strong> 14<\/strong> mois de voyage, <strong>20<\/strong> pays travers\u00e9s, <strong>230<\/strong> \u00e9tapes et <strong>16 227<\/strong> kilom\u00e8tres parcourus.<\/p>\n\n\n\n<p class=\"has-manrope-font-family\"><img loading=\"lazy\" decoding=\"async\" height=\"16\" width=\"16\" src=\"https:\/\/static.xx.fbcdn.net\/images\/emoji.php\/v9\/t8d\/1\/16\/1f449_1f3fc.png\" alt=\"&#x1f449;&#x1f3fc;\"> Alors Lo\u00efs, nous t\u2019adressons <strong>un grand BRAVO<\/strong> pour ton courage et ton investissement, en faveur d&rsquo;une belle cause ! <img loading=\"lazy\" decoding=\"async\" height=\"16\" width=\"16\" src=\"https:\/\/static.xx.fbcdn.net\/images\/emoji.php\/v9\/tfb\/1\/16\/1f44f_1f3fd.png\" alt=\"&#x1f44f;&#x1f3fd;\"><\/p>\n\n\n\n<p class=\"has-manrope-font-family\">Vous pouvez consulter sa page Facebook <a href=\"https:\/\/www.facebook.com\/purpletour2k23?__cft__[0]=AZWf_4gK8xg1h0A1giyaiEIRK_qv6J1tyZoyKVj3TipsSXe5qHV0ZK58m5zl_fl7W7vGOkPjy7LFx60gGcCGuimUfJV9rnZibL2RksjIk6NQlJbdnwQDyhcJvUrb2yHJCA2HRSq4rwAvVH1yt2sQoIig6tzNO6ApLUISofuE6aU0m3RAdKh_ghaDGYQenTfXR7xenEx64R9E-Ntcp65ZFNWt&amp;__tn__=-]K-R\" target=\"_blank\" rel=\"noreferrer noopener\">Purple tour<\/a> ou l\u2019application <a href=\"https:\/\/www.facebook.com\/polarsteps?__cft__[0]=AZWf_4gK8xg1h0A1giyaiEIRK_qv6J1tyZoyKVj3TipsSXe5qHV0ZK58m5zl_fl7W7vGOkPjy7LFx60gGcCGuimUfJV9rnZibL2RksjIk6NQlJbdnwQDyhcJvUrb2yHJCA2HRSq4rwAvVH1yt2sQoIig6tzNO6ApLUISofuE6aU0m3RAdKh_ghaDGYQenTfXR7xenEx64R9E-Ntcp65ZFNWt&amp;__tn__=-]K-R\" target=\"_blank\" rel=\"noreferrer noopener\">Polarsteps<\/a> pour d\u00e9couvrir l\u2019ensemble de son voyage. <img loading=\"lazy\" decoding=\"async\" height=\"16\" width=\"16\" src=\"https:\/\/static.xx.fbcdn.net\/images\/emoji.php\/v9\/tfc\/1\/16\/1f44d.png\" alt=\"&#x1f44d;\"><\/p>\n\n\n\n<p class=\"has-manrope-font-family\"><img loading=\"lazy\" decoding=\"async\" height=\"16\" width=\"16\" src=\"https:\/\/static.xx.fbcdn.net\/images\/emoji.php\/v9\/t8d\/1\/16\/2611.png\" alt=\"&#x2611;&#xfe0f;\"> D\u00e9paysement garanti au travers de photographies de paysages <img loading=\"lazy\" decoding=\"async\" height=\"16\" width=\"16\" src=\"https:\/\/static.xx.fbcdn.net\/images\/emoji.php\/v9\/tc\/1\/16\/1f3de.png\" alt=\"&#x1f3de;&#xfe0f;\"> ou encore de plats typiques <img loading=\"lazy\" decoding=\"async\" height=\"16\" width=\"16\" src=\"https:\/\/static.xx.fbcdn.net\/images\/emoji.php\/v9\/t98\/1\/16\/1f37d.png\" alt=\"&#x1f37d;&#xfe0f;\"> prises dans diff\u00e9rents pays <img loading=\"lazy\" decoding=\"async\" height=\"16\" width=\"16\" src=\"https:\/\/static.xx.fbcdn.net\/images\/emoji.php\/v9\/tde\/1\/16\/1f4f8.png\" alt=\"&#x1f4f8;\"><\/p>\n\n\n\n<p><\/p>\n\n\n\n<div class=\"wp-block-columns is-layout-flex wp-container-core-columns-is-layout-4 wp-block-columns-is-layout-flex\">\n<div class=\"wp-block-column is-layout-flow wp-block-column-is-layout-flow\">\n<figure class=\"wp-block-image aligncenter size-large is-resized\"><img loading=\"lazy\" decoding=\"async\" width=\"1024\" height=\"1024\" src=\"https:\/\/godefroy-bourneuf.fr\/wp-content\/uploads\/2024\/07\/449190549_492651283288774_6927554192572576090_n-3-1024x1024.jpg\" alt=\"\" class=\"wp-image-459\" style=\"width:186px;height:auto\" srcset=\"https:\/\/godefroy-bourneuf.fr\/wp-content\/uploads\/2024\/07\/449190549_492651283288774_6927554192572576090_n-3-1024x1024.jpg 1024w, https:\/\/godefroy-bourneuf.fr\/wp-content\/uploads\/2024\/07\/449190549_492651283288774_6927554192572576090_n-3-300x300.jpg 300w, https:\/\/godefroy-bourneuf.fr\/wp-content\/uploads\/2024\/07\/449190549_492651283288774_6927554192572576090_n-3-150x150.jpg 150w, https:\/\/godefroy-bourneuf.fr\/wp-content\/uploads\/2024\/07\/449190549_492651283288774_6927554192572576090_n-3-768x768.jpg 768w, https:\/\/godefroy-bourneuf.fr\/wp-content\/uploads\/2024\/07\/449190549_492651283288774_6927554192572576090_n-3.jpg 1080w\" sizes=\"auto, (max-width: 1024px) 100vw, 1024px\" \/><\/figure>\n\n\n\n<p class=\"has-text-align-center\"><em>\u00a9 Page Facebook Purple tour<\/em><\/p>\n<\/div>\n\n\n\n<div class=\"wp-block-column is-layout-flow wp-block-column-is-layout-flow\">\n<figure class=\"wp-block-image aligncenter size-large is-resized\"><img loading=\"lazy\" decoding=\"async\" width=\"1024\" height=\"628\" src=\"https:\/\/godefroy-bourneuf.fr\/wp-content\/uploads\/2024\/07\/449413264_492651369955432_1151097068905868254_n-2-1024x628.jpg\" alt=\"\" class=\"wp-image-460\" style=\"width:308px;height:auto\" srcset=\"https:\/\/godefroy-bourneuf.fr\/wp-content\/uploads\/2024\/07\/449413264_492651369955432_1151097068905868254_n-2-1024x628.jpg 1024w, https:\/\/godefroy-bourneuf.fr\/wp-content\/uploads\/2024\/07\/449413264_492651369955432_1151097068905868254_n-2-300x184.jpg 300w, https:\/\/godefroy-bourneuf.fr\/wp-content\/uploads\/2024\/07\/449413264_492651369955432_1151097068905868254_n-2-768x471.jpg 768w, https:\/\/godefroy-bourneuf.fr\/wp-content\/uploads\/2024\/07\/449413264_492651369955432_1151097068905868254_n-2.jpg 1080w\" sizes=\"auto, (max-width: 1024px) 100vw, 1024px\" \/><\/figure>\n\n\n\n<p class=\"has-text-align-center\"><em>\u00a9 Page Facebook Purple tour<\/em><\/p>\n\n\n\n<p class=\"has-text-align-center\"><span class=\"x193iq5w xeuugli x13faqbe x1vvkbs x1xmvt09 x1lliihq x1s928wv xhkezso x1gmr53x x1cpjm7i x1fgarty x1943h6x xudqn12 x3x7a5m x6prxxf xvq8zen xo1l8bm xzsf02u\" dir=\"auto\"><em>&#8211; Rouge : V\u00e9lo<\/em><\/span><\/p>\n\n\n\n<p class=\"has-text-align-center\"><span class=\"x193iq5w xeuugli x13faqbe x1vvkbs x1xmvt09 x1lliihq x1s928wv xhkezso x1gmr53x x1cpjm7i x1fgarty x1943h6x xudqn12 x3x7a5m x6prxxf xvq8zen xo1l8bm xzsf02u\" dir=\"auto\"><em>&#8211; Vert : Bus \/ train<\/em><\/span><\/p>\n\n\n\n<p class=\"has-text-align-center\"><span class=\"x193iq5w xeuugli x13faqbe x1vvkbs x1xmvt09 x1lliihq x1s928wv xhkezso x1gmr53x x1cpjm7i x1fgarty x1943h6x xudqn12 x3x7a5m x6prxxf xvq8zen xo1l8bm xzsf02u\" dir=\"auto\"><em>&#8211; Bleu : Ferry<\/em><\/span><\/p>\n<\/div>\n\n\n\n<div class=\"wp-block-column is-layout-flow wp-block-column-is-layout-flow\">\n<div class=\"wp-block-columns is-layout-flex wp-container-core-columns-is-layout-3 wp-block-columns-is-layout-flex\">\n<div class=\"wp-block-column is-layout-flow wp-block-column-is-layout-flow\">\n<figure class=\"wp-block-image aligncenter size-full\"><img loading=\"lazy\" decoding=\"async\" width=\"200\" height=\"200\" src=\"https:\/\/godefroy-bourneuf.fr\/wp-content\/uploads\/2024\/07\/448930232_492651313288771_5781507929264351932_n-3.jpg\" alt=\"\" class=\"wp-image-462\" srcset=\"https:\/\/godefroy-bourneuf.fr\/wp-content\/uploads\/2024\/07\/448930232_492651313288771_5781507929264351932_n-3.jpg 200w, https:\/\/godefroy-bourneuf.fr\/wp-content\/uploads\/2024\/07\/448930232_492651313288771_5781507929264351932_n-3-150x150.jpg 150w\" sizes=\"auto, (max-width: 200px) 100vw, 200px\" \/><\/figure>\n<\/div>\n<\/div>\n\n\n\n<p class=\"has-text-align-center\"><em>\u00a9 Page Facebook Purple tour<\/em><\/p>\n<\/div>\n<\/div>\n","protected":false},"excerpt":{"rendered":"<p>NOUVEAUT\u00c9 2023 &#8211; LA CANTALISS &#x1f353; EN CUISINE &#x1f353; 2024 &#8211; SPONSOR RAID 4L TROPHY &#x1f697; Nous sommes heureux de vous annoncer que nous avons fait parti des sponsors de L&rsquo;Esa Ventures Nous soutenions le projet de J\u00e9r\u00e9my et Gabriel (Crosmi\u00e9rois) qui participaient au Raid 4L Trophy. Leur 4L a sillonn\u00e9 les routes de Biarritz [&hellip;]<\/p>\n","protected":false},"author":1,"featured_media":0,"parent":0,"menu_order":0,"comment_status":"closed","ping_status":"closed","template":"","meta":{"footnotes":""},"class_list":["post-371","page","type-page","status-publish","hentry"],"_links":{"self":[{"href":"https:\/\/godefroy-bourneuf.fr\/index.php?rest_route=\/wp\/v2\/pages\/371","targetHints":{"allow":["GET"]}}],"collection":[{"href":"https:\/\/godefroy-bourneuf.fr\/index.php?rest_route=\/wp\/v2\/pages"}],"about":[{"href":"https:\/\/godefroy-bourneuf.fr\/index.php?rest_route=\/wp\/v2\/types\/page"}],"author":[{"embeddable":true,"href":"https:\/\/godefroy-bourneuf.fr\/index.php?rest_route=\/wp\/v2\/users\/1"}],"replies":[{"embeddable":true,"href":"https:\/\/godefroy-bourneuf.fr\/index.php?rest_route=%2Fwp%2Fv2%2Fcomments&post=371"}],"version-history":[{"count":21,"href":"https:\/\/godefroy-bourneuf.fr\/index.php?rest_route=\/wp\/v2\/pages\/371\/revisions"}],"predecessor-version":[{"id":488,"href":"https:\/\/godefroy-bourneuf.fr\/index.php?rest_route=\/wp\/v2\/pages\/371\/revisions\/488"}],"wp:attachment":[{"href":"https:\/\/godefroy-bourneuf.fr\/index.php?rest_route=%2Fwp%2Fv2%2Fmedia&parent=371"}],"curies":[{"name":"wp","href":"https:\/\/api.w.org\/{rel}","templated":true}]}}