{"id":291,"date":"2024-05-27T13:14:44","date_gmt":"2024-05-27T13:14:44","guid":{"rendered":"https:\/\/godefroy-bourneuf.fr\/WP\/?page_id=291"},"modified":"2024-05-31T13:54:43","modified_gmt":"2024-05-31T13:54:43","slug":"chez-les-fraisiers-de-la-sarthe-earl-godefroy-bourneuf-nous-vendons-des-plants-de-fraisiers-mais-pas-que","status":"publish","type":"page","link":"https:\/\/godefroy-bourneuf.fr\/?page_id=291","title":{"rendered":"CHEZ LES FRAISIERS DE LA SARTHE &#8211; EARL GODEFROY-BOURNEUF, NOUS PRODUISONS DES PLANTS DE FRAISIERS&#8230; MAIS PAS QUE ! &#x1f34e;&#x1f414;&#x1f331;"},"content":{"rendered":"\n<p class=\"has-amatic-sc-font-family has-extra-large-font-size\"><strong>POMMES \u00c0 CIDRE<\/strong> &#x1f34e;<\/p>\n\n\n\n<figure class=\"wp-block-image aligncenter size-large is-resized\"><img loading=\"lazy\" decoding=\"async\" width=\"1024\" height=\"724\" src=\"https:\/\/godefroy-bourneuf.fr\/WP\/wp-content\/uploads\/2024\/05\/418834088_432280509325852_3644082651661824185_n-1024x724.jpg\" alt=\"\" class=\"wp-image-293\" style=\"width:765px;height:auto\" srcset=\"https:\/\/godefroy-bourneuf.fr\/wp-content\/uploads\/2024\/05\/418834088_432280509325852_3644082651661824185_n-1024x724.jpg 1024w, https:\/\/godefroy-bourneuf.fr\/wp-content\/uploads\/2024\/05\/418834088_432280509325852_3644082651661824185_n-300x212.jpg 300w, https:\/\/godefroy-bourneuf.fr\/wp-content\/uploads\/2024\/05\/418834088_432280509325852_3644082651661824185_n-768x543.jpg 768w, https:\/\/godefroy-bourneuf.fr\/wp-content\/uploads\/2024\/05\/418834088_432280509325852_3644082651661824185_n-1536x1086.jpg 1536w, https:\/\/godefroy-bourneuf.fr\/wp-content\/uploads\/2024\/05\/418834088_432280509325852_3644082651661824185_n.jpg 2000w\" sizes=\"auto, (max-width: 1024px) 100vw, 1024px\" \/><\/figure>\n\n\n\n<p class=\"has-text-align-center has-manrope-font-family\"><strong>Nous avons mis en place diff\u00e9rentes actions dans nos vergers, en faveur de la biodiversit\u00e9.<\/strong><\/p>\n\n\n\n<div class=\"wp-block-buttons alignwide is-content-justification-center is-layout-flex wp-container-core-buttons-is-layout-1 wp-block-buttons-is-layout-flex\">\n<div class=\"wp-block-button\"><a class=\"wp-block-button__link wp-element-button\" href=\"https:\/\/godefroy-bourneuf.fr\/wp-content\/uploads\/2024\/05\/419299616_437059712181265_5380589512871529359_n.jpg\" target=\"_blank\" rel=\"noreferrer noopener\">Broyage des branches<\/a><\/div>\n\n\n\n<div class=\"wp-block-button\"><a class=\"wp-block-button__link wp-element-button\" href=\"https:\/\/godefroy-bourneuf.fr\/wp-content\/uploads\/2024\/05\/434575434_443031641584072_4512638285828106027_n.jpg\" target=\"_blank\" rel=\"noreferrer noopener\">Int\u00e9gration de sarments de vignes<\/a><\/div>\n\n\n\n<div class=\"wp-block-button\"><a class=\"wp-block-button__link wp-element-button\" href=\"https:\/\/godefroy-bourneuf.fr\/wp-content\/uploads\/2024\/05\/436562362_445570901330146_898623350085360537_n.jpg\" target=\"_blank\" rel=\"noreferrer noopener\">Pi\u00e8ges \u00e0 carpocapses et bandes Ginko<\/a><\/div>\n\n\n\n<div class=\"wp-block-button\"><a class=\"wp-block-button__link wp-element-button\" href=\"https:\/\/godefroy-bourneuf.fr\/wp-content\/uploads\/2024\/05\/437088020_448983334322236_6518510387382064876_n.jpg\" target=\"_blank\" rel=\"noreferrer noopener\">Nichoirs \u00e0 m\u00e9sanges<\/a><\/div>\n\n\n\n<div class=\"wp-block-button\"><a class=\"wp-block-button__link wp-element-button\" href=\"https:\/\/godefroy-bourneuf.fr\/wp-content\/uploads\/2024\/05\/418985502_432930619260841_6538246261443353995_n.jpg\" target=\"_blank\" rel=\"noreferrer noopener\">Station Aquatiben<\/a><\/div>\n<\/div>\n\n\n\n<p><\/p>\n\n\n\n<p><\/p>\n\n\n\n<hr class=\"wp-block-separator has-alpha-channel-opacity\"\/>\n\n\n\n<p class=\"has-amatic-sc-font-family has-extra-large-font-size\">FERMIERS DE LOU\u00c9 &#x1f414;<\/p>\n\n\n\n<p class=\"has-manrope-font-family\"><\/p>\n\n\n\n<p class=\"has-manrope-font-family\">L\u2019EARL est adh\u00e9rente \u00e0 la <strong>CAFEL<\/strong> (Coop\u00e9rative Agricole des Fermiers de Lou\u00e9). <img loading=\"lazy\" decoding=\"async\" height=\"16\" width=\"16\" src=\"https:\/\/static.xx.fbcdn.net\/images\/emoji.php\/v9\/t18\/1\/16\/1f69c.png\" alt=\"&#x1f69c;\"><\/p>\n\n\n\n<p class=\"has-manrope-font-family\">En effet, \u00ab La Gilberdi\u00e8re \u00bb accueille des volailles (poulets, dindes et dindons) <strong>2 \u00e0 3 fois par an dans 4 poulaillers<\/strong>, construits entre 1978 et 2001.<\/p>\n\n\n\n<p class=\"has-manrope-font-family\">Chacun de ces b\u00e2timents est attenant \u00e0 <strong>de vastes espaces<\/strong> o\u00f9 elles peuvent gambader en toute libert\u00e9.<\/p>\n\n\n\n<p class=\"has-manrope-font-family\"><img loading=\"lazy\" decoding=\"async\" height=\"16\" width=\"16\" alt=\"&#x1f4c6;\" src=\"https:\/\/static.xx.fbcdn.net\/images\/emoji.php\/v9\/tff\/1\/16\/1f4c6.png\"> Les poulets restent au minimum 84 jours, les dindes d\u00e9coupes 98 jours et les dindons d\u00e9coupes 126 jours.<\/p>\n\n\n\n<p class=\"has-manrope-font-family\"><img loading=\"lazy\" decoding=\"async\" height=\"16\" width=\"16\" src=\"https:\/\/static.xx.fbcdn.net\/images\/emoji.php\/v9\/t33\/1\/16\/2705.png\" alt=\"&#x2705;\"> Nous respectons un ensemble de r\u00e8gles strictes d\u00e9finies dans le cahier des charges afin d\u2019obtenir <strong>le Label Rouge<\/strong>.<\/p>\n\n\n\n<p class=\"has-manrope-font-family\"><strong>Les <img loading=\"lazy\" decoding=\"async\" height=\"16\" width=\"16\" src=\"https:\/\/static.xx.fbcdn.net\/images\/emoji.php\/v9\/tca\/1\/16\/2795.png\" alt=\"&#x2795;\"> :<\/strong><\/p>\n\n\n\n<p class=\"has-manrope-font-family\"><img loading=\"lazy\" decoding=\"async\" height=\"16\" width=\"16\" alt=\"&#x27a1;&#xfe0f;\" src=\"https:\/\/static.xx.fbcdn.net\/images\/emoji.php\/v9\/t9e\/1\/16\/27a1.png\"> La tra\u00e7abilit\u00e9 (num\u00e9ro de lot rattach\u00e9 \u00e0 l\u2019\u00e9leveur + nom de l\u2019\u00e9leveur sur la volaille en rayon de vente)<\/p>\n\n\n\n<p class=\"has-manrope-font-family\"><img loading=\"lazy\" decoding=\"async\" height=\"16\" width=\"16\" alt=\"&#x27a1;&#xfe0f;\" src=\"https:\/\/static.xx.fbcdn.net\/images\/emoji.php\/v9\/t9e\/1\/16\/27a1.png\"> Des contr\u00f4les r\u00e9guliers (pes\u00e9es, examens de laboratoire, visites\u2026)<\/p>\n\n\n\n<p class=\"has-manrope-font-family\"><img loading=\"lazy\" decoding=\"async\" height=\"16\" width=\"16\" alt=\"&#x27a1;&#xfe0f;\" src=\"https:\/\/static.xx.fbcdn.net\/images\/emoji.php\/v9\/t9e\/1\/16\/27a1.png\"> Respect du bien-\u00eatre animal<\/p>\n\n\n\n<p class=\"has-manrope-font-family\"><img loading=\"lazy\" decoding=\"async\" height=\"16\" width=\"16\" alt=\"&#x27a1;&#xfe0f;\" src=\"https:\/\/static.xx.fbcdn.net\/images\/emoji.php\/v9\/t9e\/1\/16\/27a1.png\"> \u00c9lev\u00e9es au grand air (parcours vastes et arbor\u00e9s) <img loading=\"lazy\" decoding=\"async\" height=\"16\" width=\"16\" alt=\"&#x1f333;\" src=\"https:\/\/static.xx.fbcdn.net\/images\/emoji.php\/v9\/t6b\/1\/16\/1f333.png\"><\/p>\n\n\n\n<p class=\"has-manrope-font-family\"><img loading=\"lazy\" decoding=\"async\" height=\"16\" width=\"16\" alt=\"&#x27a1;&#xfe0f;\" src=\"https:\/\/static.xx.fbcdn.net\/images\/emoji.php\/v9\/t9e\/1\/16\/27a1.png\"> Nourriture locale<\/p>\n\n\n\n<p class=\"has-manrope-font-family\"><img loading=\"lazy\" decoding=\"async\" height=\"16\" width=\"16\" src=\"https:\/\/static.xx.fbcdn.net\/images\/emoji.php\/v9\/t9e\/1\/16\/27a1.png\" alt=\"&#x27a1;&#xfe0f;\"> Circuits courts (territoire limit\u00e9)<\/p>\n\n\n\n<div class=\"wp-block-columns is-layout-flex wp-container-core-columns-is-layout-1 wp-block-columns-is-layout-flex\">\n<div class=\"wp-block-column is-layout-flow wp-block-column-is-layout-flow\">\n<figure class=\"wp-block-image aligncenter size-large is-resized\"><img loading=\"lazy\" decoding=\"async\" width=\"1024\" height=\"768\" src=\"https:\/\/godefroy-bourneuf.fr\/WP\/wp-content\/uploads\/2024\/05\/395422703_350566174163953_4918574905659614063_n-1024x768.jpg\" alt=\"\" class=\"wp-image-296\" style=\"width:299px;height:auto\" srcset=\"https:\/\/godefroy-bourneuf.fr\/wp-content\/uploads\/2024\/05\/395422703_350566174163953_4918574905659614063_n-1024x768.jpg 1024w, https:\/\/godefroy-bourneuf.fr\/wp-content\/uploads\/2024\/05\/395422703_350566174163953_4918574905659614063_n-300x225.jpg 300w, https:\/\/godefroy-bourneuf.fr\/wp-content\/uploads\/2024\/05\/395422703_350566174163953_4918574905659614063_n-768x576.jpg 768w, https:\/\/godefroy-bourneuf.fr\/wp-content\/uploads\/2024\/05\/395422703_350566174163953_4918574905659614063_n-1536x1152.jpg 1536w, https:\/\/godefroy-bourneuf.fr\/wp-content\/uploads\/2024\/05\/395422703_350566174163953_4918574905659614063_n.jpg 2048w\" sizes=\"auto, (max-width: 1024px) 100vw, 1024px\" \/><\/figure>\n<\/div>\n\n\n\n<div class=\"wp-block-column is-layout-flow wp-block-column-is-layout-flow\">\n<figure class=\"wp-block-image aligncenter size-full\"><img loading=\"lazy\" decoding=\"async\" width=\"225\" height=\"225\" src=\"https:\/\/godefroy-bourneuf.fr\/WP\/wp-content\/uploads\/2024\/05\/images.png\" alt=\"\" class=\"wp-image-328\" srcset=\"https:\/\/godefroy-bourneuf.fr\/wp-content\/uploads\/2024\/05\/images.png 225w, https:\/\/godefroy-bourneuf.fr\/wp-content\/uploads\/2024\/05\/images-150x150.png 150w\" sizes=\"auto, (max-width: 225px) 100vw, 225px\" \/><\/figure>\n<\/div>\n\n\n\n<div class=\"wp-block-column is-layout-flow wp-block-column-is-layout-flow\">\n<figure class=\"wp-block-image aligncenter size-large is-resized\"><img loading=\"lazy\" decoding=\"async\" width=\"1024\" height=\"768\" src=\"https:\/\/godefroy-bourneuf.fr\/WP\/wp-content\/uploads\/2024\/05\/395412925_350566084163962_1094787590639276981_n-1024x768.jpg\" alt=\"\" class=\"wp-image-297\" style=\"width:297px;height:auto\" srcset=\"https:\/\/godefroy-bourneuf.fr\/wp-content\/uploads\/2024\/05\/395412925_350566084163962_1094787590639276981_n-1024x768.jpg 1024w, https:\/\/godefroy-bourneuf.fr\/wp-content\/uploads\/2024\/05\/395412925_350566084163962_1094787590639276981_n-300x225.jpg 300w, https:\/\/godefroy-bourneuf.fr\/wp-content\/uploads\/2024\/05\/395412925_350566084163962_1094787590639276981_n-768x576.jpg 768w, https:\/\/godefroy-bourneuf.fr\/wp-content\/uploads\/2024\/05\/395412925_350566084163962_1094787590639276981_n-1536x1152.jpg 1536w, https:\/\/godefroy-bourneuf.fr\/wp-content\/uploads\/2024\/05\/395412925_350566084163962_1094787590639276981_n.jpg 2048w\" sizes=\"auto, (max-width: 1024px) 100vw, 1024px\" \/><\/figure>\n<\/div>\n<\/div>\n\n\n\n<hr class=\"wp-block-separator has-alpha-channel-opacity\"\/>\n\n\n\n<p class=\"has-amatic-sc-font-family has-extra-large-font-size\"><strong>RAY-GRASS SEMENCES <\/strong>&#x1f331;<\/p>\n\n\n\n<p class=\"has-manrope-font-family\">Nous sommes producteurs et multiplicateurs (comme pour nos plants de fraisiers <img loading=\"lazy\" decoding=\"async\" height=\"16\" width=\"16\" alt=\"&#x1f353;\" src=\"https:\/\/static.xx.fbcdn.net\/images\/emoji.php\/v9\/ta9\/1\/16\/1f353.png\">) de Ray-Grass semences.<\/p>\n\n\n\n<p class=\"has-manrope-font-family\">Une fois par an, nous en semons plusieurs hectares. Actuellement, ce sont les vari\u00e9t\u00e9s \u00ab Clochette \u00bb, \u00ab Klaxon \u00bb et \u00ab Shazam \u00bb (ray-grass anglais gazon) qui occupent nos parcelles.<\/p>\n\n\n\n<p class=\"has-manrope-font-family\"><img loading=\"lazy\" decoding=\"async\" height=\"16\" width=\"16\" src=\"https:\/\/static.xx.fbcdn.net\/images\/emoji.php\/v9\/t9e\/1\/16\/27a1.png\" alt=\"&#x27a1;&#xfe0f;\"> Semences de base<\/p>\n\n\n\n<p class=\"has-manrope-font-family\"><img loading=\"lazy\" decoding=\"async\" height=\"16\" width=\"16\" alt=\"&#x27a1;&#xfe0f;\" src=\"https:\/\/static.xx.fbcdn.net\/images\/emoji.php\/v9\/t9e\/1\/16\/27a1.png\"> Semences certifi\u00e9es (contr\u00f4les r\u00e9guliers par SEMAE, l\u2019interprofession des semences et plants)<\/p>\n\n\n\n<p class=\"has-manrope-font-family\"><img loading=\"lazy\" decoding=\"async\" height=\"16\" width=\"16\" alt=\"&#x1f449;\" src=\"https:\/\/static.xx.fbcdn.net\/images\/emoji.php\/v9\/t51\/1\/16\/1f449.png\"> Nous avons des contrats avec RAGT-Semences, qui s\u2019occupe par la suite, de r\u00e9aliser des m\u00e9langes pour la commercialisation de gazons et de pelouses.<\/p>\n\n\n\n<p class=\"has-manrope-font-family\"><img loading=\"lazy\" decoding=\"async\" height=\"16\" width=\"16\" src=\"https:\/\/static.xx.fbcdn.net\/images\/emoji.php\/v9\/t33\/1\/16\/2705.png\" alt=\"&#x2705;\"> Ces semences sont destin\u00e9es aux jardineries pour les particuliers mais aussi \u00e0 l\u2019enherbement des terrains de football ou de golf&#8230;<\/p>\n\n\n\n<div class=\"wp-block-buttons is-content-justification-center is-layout-flex wp-container-core-buttons-is-layout-2 wp-block-buttons-is-layout-flex\">\n<div class=\"wp-block-button\"><a class=\"wp-block-button__link wp-element-button\" href=\"https:\/\/www.ragt.fr\/nos-metiers\/ragt-semences\/\" target=\"_blank\" rel=\"noreferrer noopener\">RAGT<\/a><\/div>\n\n\n\n<div class=\"wp-block-button\"><a class=\"wp-block-button__link wp-element-button\" href=\"https:\/\/www.semae.fr\/semences-fourrageres-gazon\/\" target=\"_blank\" rel=\"noreferrer noopener\">SEMAE<\/a><\/div>\n<\/div>\n\n\n\n<p><\/p>\n\n\n\n<figure class=\"wp-block-image aligncenter size-large is-resized\"><img loading=\"lazy\" decoding=\"async\" width=\"1024\" height=\"310\" src=\"https:\/\/godefroy-bourneuf.fr\/WP\/wp-content\/uploads\/2024\/05\/398299527_354751817078722_8977322878939961201_n-1024x310.jpg\" alt=\"\" class=\"wp-image-299\" style=\"width:532px;height:auto\" srcset=\"https:\/\/godefroy-bourneuf.fr\/wp-content\/uploads\/2024\/05\/398299527_354751817078722_8977322878939961201_n-1024x310.jpg 1024w, https:\/\/godefroy-bourneuf.fr\/wp-content\/uploads\/2024\/05\/398299527_354751817078722_8977322878939961201_n-300x91.jpg 300w, https:\/\/godefroy-bourneuf.fr\/wp-content\/uploads\/2024\/05\/398299527_354751817078722_8977322878939961201_n-768x232.jpg 768w, https:\/\/godefroy-bourneuf.fr\/wp-content\/uploads\/2024\/05\/398299527_354751817078722_8977322878939961201_n.jpg 1444w\" sizes=\"auto, (max-width: 1024px) 100vw, 1024px\" \/><\/figure>\n\n\n\n<p class=\"has-text-align-center has-manrope-font-family\">\u00a9 SEMAE <img loading=\"lazy\" decoding=\"async\" height=\"16\" width=\"16\" src=\"https:\/\/static.xx.fbcdn.net\/images\/emoji.php\/v9\/t5d\/1\/16\/1f4f7.png\" alt=\"&#x1f4f7;\"><\/p>\n","protected":false},"excerpt":{"rendered":"<p>POMMES \u00c0 CIDRE &#x1f34e; Nous avons mis en place diff\u00e9rentes actions dans nos vergers, en faveur de la biodiversit\u00e9. FERMIERS DE LOU\u00c9 &#x1f414; L\u2019EARL est adh\u00e9rente \u00e0 la CAFEL (Coop\u00e9rative Agricole des Fermiers de Lou\u00e9). En effet, \u00ab La Gilberdi\u00e8re \u00bb accueille des volailles (poulets, dindes et dindons) 2 \u00e0 3 fois par an dans [&hellip;]<\/p>\n","protected":false},"author":1,"featured_media":0,"parent":0,"menu_order":0,"comment_status":"closed","ping_status":"closed","template":"","meta":{"footnotes":""},"class_list":["post-291","page","type-page","status-publish","hentry"],"_links":{"self":[{"href":"https:\/\/godefroy-bourneuf.fr\/index.php?rest_route=\/wp\/v2\/pages\/291","targetHints":{"allow":["GET"]}}],"collection":[{"href":"https:\/\/godefroy-bourneuf.fr\/index.php?rest_route=\/wp\/v2\/pages"}],"about":[{"href":"https:\/\/godefroy-bourneuf.fr\/index.php?rest_route=\/wp\/v2\/types\/page"}],"author":[{"embeddable":true,"href":"https:\/\/godefroy-bourneuf.fr\/index.php?rest_route=\/wp\/v2\/users\/1"}],"replies":[{"embeddable":true,"href":"https:\/\/godefroy-bourneuf.fr\/index.php?rest_route=%2Fwp%2Fv2%2Fcomments&post=291"}],"version-history":[{"count":16,"href":"https:\/\/godefroy-bourneuf.fr\/index.php?rest_route=\/wp\/v2\/pages\/291\/revisions"}],"predecessor-version":[{"id":436,"href":"https:\/\/godefroy-bourneuf.fr\/index.php?rest_route=\/wp\/v2\/pages\/291\/revisions\/436"}],"wp:attachment":[{"href":"https:\/\/godefroy-bourneuf.fr\/index.php?rest_route=%2Fwp%2Fv2%2Fmedia&parent=291"}],"curies":[{"name":"wp","href":"https:\/\/api.w.org\/{rel}","templated":true}]}}